{"id":209,"date":"2022-12-25T13:31:32","date_gmt":"2022-12-25T12:31:32","guid":{"rendered":"https:\/\/parafia.starachowice.pl\/?page_id=209"},"modified":"2023-01-21T10:35:42","modified_gmt":"2023-01-21T09:35:42","slug":"bierzmowanie","status":"publish","type":"page","link":"https:\/\/parafia.starachowice.pl\/index.php\/bierzmowanie\/","title":{"rendered":"Bierzmowanie"},"content":{"rendered":"\n<p>Przygotowanie do przyj\u0119cia sakramentu bierzmowania rozpoczyna si\u0119 we wrze\u015bniu. Trzeba uwa\u017cnie s\u0142ucha\u0107 og\u0142osze\u0144, b\u0105d\u017a wyszukiwa\u0107 informacji w kt\u00f3r\u0105 dok\u0142adnie niedziel\u0119 wrze\u015bnia to przygotowanie si\u0119 rozpocznie. Kandydaci do bierzmowania, kt\u00f3rzy pragn\u0105 do niego przyst\u0105pi\u0107 powinni z\u0142o\u017cy\u0107 w odpowiednim czasie deklaracj\u0119 o gotowo\u015bci rozpocz\u0119cia przygotowania do tego sakramentu. Tak\u0105 deklaracj\u0119 otrzymaj\u0105 od swoich duszpasterzy. Kandydat w ka\u017cd\u0105 niedziel\u0119 uczestniczy we Mszy \u015bwi\u0119tej, bierze czynny udzia\u0142 w katechezie, uczestniczy w nabo\u017ce\u0144stwach, kt\u00f3re duszpasterz wska\u017ce oraz w spotkaniach formacyjnych. Jest to niezmiernie wa\u017cne, aby jak najlepiej przygotowa\u0107 si\u0119  bierzmowania, <br>a przy tym wzmania\u0107 swoj\u0105 wiar\u0119 i relacj\u0119 z Bogiem, by \u015bwiadomie i dobrowolnie przyj\u0105\u0107 sakrament bierzmowania.<\/p>\n","protected":false},"excerpt":{"rendered":"<p>Przygotowanie do przyj\u0119cia sakramentu bierzmowania rozpoczyna si\u0119 we wrze\u015bniu. Trzeba uwa\u017cnie s\u0142ucha\u0107 og\u0142osze\u0144, b\u0105d\u017a wyszukiwa\u0107 informacji w kt\u00f3r\u0105 dok\u0142adnie niedziel\u0119 wrze\u015bnia to przygotowanie si\u0119 rozpocznie. Kandydaci do bierzmowania, kt\u00f3rzy pragn\u0105 do niego przyst\u0105pi\u0107 powinni z\u0142o\u017cy\u0107 w odpowiednim czasie deklaracj\u0119 o gotowo\u015bci rozpocz\u0119cia przygotowania do tego sakramentu. Tak\u0105 deklaracj\u0119 otrzymaj\u0105 od swoich duszpasterzy. Kandydat w ka\u017cd\u0105 [&hellip;]<\/p>\n","protected":false},"author":1,"featured_media":0,"parent":0,"menu_order":0,"comment_status":"closed","ping_status":"closed","template":"","meta":{"_et_pb_use_builder":"off","_et_pb_old_content":"","_et_gb_content_width":"","footnotes":""},"class_list":["post-209","page","type-page","status-publish","hentry"],"_links":{"self":[{"href":"https:\/\/parafia.starachowice.pl\/index.php\/wp-json\/wp\/v2\/pages\/209","targetHints":{"allow":["GET"]}}],"collection":[{"href":"https:\/\/parafia.starachowice.pl\/index.php\/wp-json\/wp\/v2\/pages"}],"about":[{"href":"https:\/\/parafia.starachowice.pl\/index.php\/wp-json\/wp\/v2\/types\/page"}],"author":[{"embeddable":true,"href":"https:\/\/parafia.starachowice.pl\/index.php\/wp-json\/wp\/v2\/users\/1"}],"replies":[{"embeddable":true,"href":"https:\/\/parafia.starachowice.pl\/index.php\/wp-json\/wp\/v2\/comments?post=209"}],"version-history":[{"count":2,"href":"https:\/\/parafia.starachowice.pl\/index.php\/wp-json\/wp\/v2\/pages\/209\/revisions"}],"predecessor-version":[{"id":329,"href":"https:\/\/parafia.starachowice.pl\/index.php\/wp-json\/wp\/v2\/pages\/209\/revisions\/329"}],"wp:attachment":[{"href":"https:\/\/parafia.starachowice.pl\/index.php\/wp-json\/wp\/v2\/media?parent=209"}],"curies":[{"name":"wp","href":"https:\/\/api.w.org\/{rel}","templated":true}]}}