{"id":17,"date":"2022-07-16T19:36:10","date_gmt":"2022-07-16T17:36:10","guid":{"rendered":"https:\/\/parafia.starachowice.pl\/?page_id=17"},"modified":"2026-05-15T21:39:22","modified_gmt":"2026-05-15T19:39:22","slug":"ogloszenia","status":"publish","type":"page","link":"https:\/\/parafia.starachowice.pl\/index.php\/ogloszenia\/","title":{"rendered":"Og\u0142oszenia"},"content":{"rendered":"\n<p>Niedziela, 17maja &#8211; Wniebowst\u0105pienie Pa\u0144skie<\/p>\n\n\n\n<ol class=\"wp-block-list\">\n<li class=\"has-medium-font-size\">\u00a0<strong>Nabo\u017ce\u0144stwa majowe <\/strong>w ko\u015bciele o 17.30 przy krzy\u017cu na ul. My\u015bliwskiej <br>o godz.18.00 i przy krzy\u017cu na ul. \u017bytniej o godz. 19.00. \u00a0Zapraszamy do modlitwy <br>i dzi\u0119kujemy wszystkim , kt\u00f3rzy ucz\u0119szczaj\u0105 i animuj\u0105\u00a0 te nabo\u017ce\u0144stwa.<br><\/li>\n\n\n\n<li class=\"has-medium-font-size\">19 maja we wtorek zapraszamy na \u00a0<strong>m\u0119ski r\u00f3\u017caniec<\/strong>, kt\u00f3ry odb\u0119dzie si\u0119 w ramach maj\u00f3wki \u00a0przy krzy\u017cu na ul. \u017bytniej . Pocz\u0105tek o godz. 19.00.<br><\/li>\n\n\n\n<li class=\"has-medium-font-size\">22 maja w pi\u0105tek <strong>Koronka do Bo\u017cego Mi\u0142osierdzia<\/strong> o godz. 18.00 i Msza \u015bw. w intencji dobrodziej\u00f3w ko\u015bcio\u0142a i parafii. Zgodnie z zapowiedzi\u0105 zosta\u0142y zam\u00f3wione dodatkowe podw\u00f3jne okienka do kaplicy Matki Bo\u017cej Fatimskiej, kt\u00f3re uszczelni\u0105 |<br>i ociepl\u0105 to miejsce w ko\u015bciele.<br><\/li>\n\n\n\n<li class=\"has-medium-font-size\">\u00a0Wyjazd <strong>na pielgrzymk\u0119 na Jasn\u0105 G\u00f3r\u0119 w pi\u0105tek 22 maja<\/strong> o godz. 5.30 z przystanku autobusowego przy ko\u015bciele. Do wtorku w\u0142\u0105cznie prosimy o wp\u0142aty i podanie daty urodzenia do ubezpieczenia, kto tego nie uczyni\u0142.<br><\/li>\n\n\n\n<li class=\"has-medium-font-size\"><strong>Trwaj\u0105 zapisy na pielgrzymk\u0119 piesz\u0105\u00a0 na \u015bwi\u0119ty Krzy\u017c<\/strong> kt\u00f3ra odb\u0119dzie si\u0119 w sobot\u0119 13 czerwca . Zapisy na pielgrzymke i\u00a0 na autobus powrotny w zakrystii. Prosimy o wcze\u015bniejsze zapisy z uwagi na konieczno\u015b\u0107 ubezpieczenia grupy. Przewodnikiem pielgrzymki jest ks. Damian.<br><\/li>\n\n\n\n<li class=\"has-medium-font-size\"><strong>Tegoroczna procesja Bo\u017cego Cia\u0142a<\/strong> przejdzie nastepuj\u0105cymi ulicami \u2013Jana Paw\u0142a II\u2013 Wysockiego, Dwernickiego, 6 Wrze\u015bnia, \u017bytni\u0105 i Jana Paw\u0142a II. Procesja wyruszy po Mszy o godz. 8.00, pozosta\u0142e Msze \u015bwiete w Bo\u017ce Cia\u0142o\u00a0 tego dnia o 10.30 i 18.00.<br><br>O\u0142tarze zostan\u0105 umieszczone w nast\u0119puj\u0105cych miejscach:<br>I o\u0142tarz &#8211; przy krzy\u017cu ma skrzy\u017cowaniu ulic Wysockiego i\u00a0 Jana Paw\u0142a II<br>II o\u0142tarz- przy ul. 6 Wrze\u015bnia 84 ( brama domu Pana Mariusza \u2013 nadzwyczajnego szafarza Komunii \u015awi\u0119tej )\u00a0 \u00a0<br>III o\u0142tarz- skrzy\u017cowanie ulic \u017bytniej i Jana Paw\u0142a II ( przy sp\u00f3\u0142dzielni )<br>IV o\u0142tarz- grota Matki Bo\u017cej na placu ko\u015bcielnym. <br><br>Za pierwszy o\u0142tarz odpowiedzialni s\u0105 \u00a0Rycerze Kolumba oraz mieszka\u0144cy ulic : Hauke Bosaka 1 Wysockiego 1 Wysockiego 3 Dwernickiego 5 i Lelewela 1 i 3Za drugi o\u0142tarz odpowiedzialni s\u0105 \u00a0nadzwyczajni szafarze Komunii \u015bwietej, Ruch Rodzin Nazareta\u0144skich i mieszka\u0144cy ulicy 6 Wrze\u015bnia oraz Wysockiego 2,4 i 6. Za trzeci o\u0142tarz odpowiedzialna jest oaza rodzin i mieszka\u0144cy ulic \u017bytniej i \u00a0\u0141\u0105cznej . Za czwarty o\u0142tarz odpowiedzialni Rodzina R\u00f3\u017ca\u0144cowa i M\u0119ska Schola Gregoria\u0144ska oraz mieszka\u0144cy ulic Pastwiska i Jana Paw\u0142a II. Zapraszamy dzieci do sypania kwiatk\u00f3w. Dzi\u0119kujemy wszystkim za zaanga\u017cowanie i ka\u017cde\u00a0 w\u0142\u0105czenie si\u0119 w przygotowanie procesji\u00a0 i o\u0142tarzy. To nasza wsp\u00f3lna uroczysto\u015b\u0107.<br><\/li>\n\n\n\n<li class=\"has-medium-font-size\"><strong>Tegoroczny odpust\u00a0 ku czci naszej Patronki <\/strong>&#8211; przypada w sobot\u0119 <strong>27 czerwca<\/strong>.\u00a0 Msza \u015bwi\u0119ta tzw. suma odpustowa o godz. 10.00. Pozosta\u0142e Msze o 8 i 17.00. Darem odpustowym b\u0119dzie kamienna kropielnica umieszczona w przedsionku ko\u015bcio\u0142a. Od przysz\u0142ego tygodnia zostan\u0105 dostarczone zaproszenia na tegoroczny odpust . Za sk\u0142adane ofiary\u00a0 na tace i konto parafialne sk\u0142adamy serdeczne B\u00f3g zap\u0142a\u0107.<br><\/li>\n\n\n\n<li class=\"has-medium-font-size\"><strong>Rodzicom dzieci komunijnych<\/strong> dzi\u0119kujemy za z\u0142o\u017cony dar serca na parafi\u0119 w wysoko\u015bci 3700 z\u0142. Z ofiar zostanie zakupiony przeno\u015bny sprz\u0119t nag\u0142o\u015bnieniowy a tak\u017ce przekazana ofiara na misje ksi\u0119dza Krzysztofa Soko\u0142a w Papui Nowei Gwinei. Serdeczne B\u00f3g zap\u0142a\u0107.<br><\/li>\n\n\n\n<li class=\"has-medium-font-size\"><strong>Posiedzenie Parafialnej Rady Duszpasterskiej <\/strong>w niedziel\u0119 31 maja o godz.19.00<strong>.<\/strong>\/<br><\/li>\n\n\n\n<li class=\"has-medium-font-size\"><strong>Dzi\u0119kujemy<\/strong> za przygotowanie ko\u015bcio\u0142a na dzisiejsz\u0105 liturgi\u0119 mieszka\u0144com ul. \u017bytniej od pocz\u0105tku\u00a0 do\u00a0 numeru 52\u00a0 <strong>O przygotowanie ko\u015bcio\u0142a<\/strong> na niedziel\u0119 prosimy mieszka\u0144c\u00f3w z ul. Nurta i \u017bytniej od numeru 54\u00a0 do ko\u0144ca.\u00a0<\/li>\n<\/ol>\n","protected":false},"excerpt":{"rendered":"<p>Niedziela, 17maja &#8211; Wniebowst\u0105pienie Pa\u0144skie<\/p>\n","protected":false},"author":1,"featured_media":0,"parent":0,"menu_order":0,"comment_status":"closed","ping_status":"closed","template":"","meta":{"_et_pb_use_builder":"","_et_pb_old_content":"","_et_gb_content_width":"","footnotes":""},"class_list":["post-17","page","type-page","status-publish","hentry"],"_links":{"self":[{"href":"https:\/\/parafia.starachowice.pl\/index.php\/wp-json\/wp\/v2\/pages\/17","targetHints":{"allow":["GET"]}}],"collection":[{"href":"https:\/\/parafia.starachowice.pl\/index.php\/wp-json\/wp\/v2\/pages"}],"about":[{"href":"https:\/\/parafia.starachowice.pl\/index.php\/wp-json\/wp\/v2\/types\/page"}],"author":[{"embeddable":true,"href":"https:\/\/parafia.starachowice.pl\/index.php\/wp-json\/wp\/v2\/users\/1"}],"replies":[{"embeddable":true,"href":"https:\/\/parafia.starachowice.pl\/index.php\/wp-json\/wp\/v2\/comments?post=17"}],"version-history":[{"count":205,"href":"https:\/\/parafia.starachowice.pl\/index.php\/wp-json\/wp\/v2\/pages\/17\/revisions"}],"predecessor-version":[{"id":1588,"href":"https:\/\/parafia.starachowice.pl\/index.php\/wp-json\/wp\/v2\/pages\/17\/revisions\/1588"}],"wp:attachment":[{"href":"https:\/\/parafia.starachowice.pl\/index.php\/wp-json\/wp\/v2\/media?parent=17"}],"curies":[{"name":"wp","href":"https:\/\/api.w.org\/{rel}","templated":true}]}}