{"id":14,"date":"2022-07-16T19:36:10","date_gmt":"2022-07-16T17:36:10","guid":{"rendered":"https:\/\/parafia.starachowice.pl\/?page_id=14"},"modified":"2025-08-25T08:17:45","modified_gmt":"2025-08-25T06:17:45","slug":"katecheci","status":"publish","type":"page","link":"https:\/\/parafia.starachowice.pl\/index.php\/katecheci\/","title":{"rendered":"Katecheci"},"content":{"rendered":"\n<p><strong>Obecnie w parafii katechizuj\u0105:<\/strong><\/p>\n\n\n\n<ol class=\"wp-block-list\">\n<li><strong>Ks. Andrzej Kania<\/strong>&nbsp;\u2013 III LO im. K.K. Baczy\u0144skiego&nbsp;<\/li>\n\n\n\n<li><strong>Ks.<\/strong> <strong>Filip Kochanowski <\/strong>\u2013 III LO im. K.K. Baczy\u0144skiego &nbsp; i SP nr 13 im. Kornela Makuszy\u0144skiego&nbsp;<\/li>\n\n\n\n<li><strong>Ks. Damian Czubak<\/strong><strong>\u00a0<\/strong>\u2013 SP nr 13 im. Kornela Makuszy\u0144skiego\u00a0<\/li>\n\n\n\n<li><strong>Dr Lidia Mergalska<\/strong>&nbsp;\u2013 SP nr 13 im. Kornela Makuszy\u0144skiego i Przedszkole Miejskie nr 10&nbsp;<\/li>\n\n\n\n<li><strong>Mgr Bo\u017cena B\u0119tkowska<\/strong>&nbsp;\u2013 SP nr 13 im. Kornela Makuszy\u0144skiego&nbsp;<\/li>\n<\/ol>\n\n\n\n<p><strong>W prawie 40-letniej historii naszej parafii pos\u0142ug\u0119 katechetyczn\u0105 pe\u0142nili katecheci:&nbsp;<\/strong><\/p>\n\n\n\n<ol class=\"wp-block-list\">\n<li>Hanna Rebman &nbsp;\u2013 Rok szkolny 1983\/84<\/li>\n\n\n\n<li>s. Jadwiga Kaczmarzyk &nbsp;\u2013 Rok szkolny 1984\/85<\/li>\n\n\n\n<li>Bo\u017cena B\u0119tkowska &nbsp;\u2013 1985 r. do chwili obecnej<\/li>\n\n\n\n<li>Zbigniew B\u0119tkowski &nbsp;\u2013 1988 \u2013 1993<\/li>\n\n\n\n<li>Agnieszka Kwapisz \u2013 1992 \u2013 2005<\/li>\n\n\n\n<li>El\u017cbieta Sala \u2013 1992 \u2013 2011r.<\/li>\n\n\n\n<li>Lidia Mergalska \u2013 1993r. \u2013 do chwili obecnej&nbsp;<\/li>\n\n\n\n<li>Ks. Marcin Przytu\u0142a &#8211; 2021-2025r.<\/li>\n<\/ol>\n","protected":false},"excerpt":{"rendered":"<p>Obecnie w parafii katechizuj\u0105: W prawie 40-letniej historii naszej parafii pos\u0142ug\u0119 katechetyczn\u0105 pe\u0142nili katecheci:&nbsp;<\/p>\n","protected":false},"author":1,"featured_media":0,"parent":0,"menu_order":0,"comment_status":"closed","ping_status":"closed","template":"","meta":{"_et_pb_use_builder":"","_et_pb_old_content":"","_et_gb_content_width":"","footnotes":""},"class_list":["post-14","page","type-page","status-publish","hentry"],"_links":{"self":[{"href":"https:\/\/parafia.starachowice.pl\/index.php\/wp-json\/wp\/v2\/pages\/14","targetHints":{"allow":["GET"]}}],"collection":[{"href":"https:\/\/parafia.starachowice.pl\/index.php\/wp-json\/wp\/v2\/pages"}],"about":[{"href":"https:\/\/parafia.starachowice.pl\/index.php\/wp-json\/wp\/v2\/types\/page"}],"author":[{"embeddable":true,"href":"https:\/\/parafia.starachowice.pl\/index.php\/wp-json\/wp\/v2\/users\/1"}],"replies":[{"embeddable":true,"href":"https:\/\/parafia.starachowice.pl\/index.php\/wp-json\/wp\/v2\/comments?post=14"}],"version-history":[{"count":4,"href":"https:\/\/parafia.starachowice.pl\/index.php\/wp-json\/wp\/v2\/pages\/14\/revisions"}],"predecessor-version":[{"id":1360,"href":"https:\/\/parafia.starachowice.pl\/index.php\/wp-json\/wp\/v2\/pages\/14\/revisions\/1360"}],"wp:attachment":[{"href":"https:\/\/parafia.starachowice.pl\/index.php\/wp-json\/wp\/v2\/media?parent=14"}],"curies":[{"name":"wp","href":"https:\/\/api.w.org\/{rel}","templated":true}]}}

<p><strong>Obecnie w parafii katechizują:</strong></p>



<ol class="wp-block-list">
<li><strong>Ks. Andrzej Kania</strong>&nbsp;– III LO im. K.K. Baczyńskiego&nbsp;</li>



<li><strong>Ks.</strong> <strong>Filip Kochanowski </strong>– III LO im. K.K. Baczyńskiego &nbsp; i SP nr 13 im. Kornela Makuszyńskiego&nbsp;</li>



<li><strong>Ks. Damian Czubak</strong><strong> </strong>– SP nr 13 im. Kornela Makuszyńskiego </li>



<li><strong>Dr Lidia Mergalska</strong>&nbsp;– SP nr 13 im. Kornela Makuszyńskiego i Przedszkole Miejskie nr 10&nbsp;</li>



<li><strong>Mgr Bożena Bętkowska</strong>&nbsp;– SP nr 13 im. Kornela Makuszyńskiego&nbsp;</li>
</ol>



<p><strong>W prawie 40-letniej historii naszej parafii posługę katechetyczną pełnili katecheci:&nbsp;</strong></p>



<ol class="wp-block-list">
<li>Hanna Rebman &nbsp;– Rok szkolny 1983/84</li>



<li>s. Jadwiga Kaczmarzyk &nbsp;– Rok szkolny 1984/85</li>



<li>Bożena Bętkowska &nbsp;– 1985 r. do chwili obecnej</li>



<li>Zbigniew Bętkowski &nbsp;– 1988 – 1993</li>



<li>Agnieszka Kwapisz – 1992 – 2005</li>



<li>Elżbieta Sala – 1992 – 2011r.</li>



<li>Lidia Mergalska – 1993r. – do chwili obecnej&nbsp;</li>



<li>Ks. Marcin Przytuła &#8211; 2021-2025r.</li>
</ol>

<p>Obecnie w parafii katechizują: W prawie 40-letniej historii naszej parafii posługę katechetyczną pełnili katecheci:&nbsp;</p>
